11
-15
8 + -6 + (-8 - -8) + (4 - 2)
4
10 + -15 + -2 + 4 - 3
-6
Evaluate (10 - 4) + 1 - (-39 - -31).
15
What is the value of -1 - (11 + (-16 - -2))?
2
Evaluate 21 + (-18 - (-23 - -14)).
12
What is the value of 5 + -2 + 11 - (-30 + 27)?
17
11 + 3 + -4 + -45 + 34
-1
-6 + (-9 - (-4 + -6)) + 6
1
Calculate 0 + -6 + (-12 - -22) + 3 + -7.
0
17 + 5 + -11 + (9 - 3)
17
Calculate (10 - 35 - -14) + -14.
-25
What is (15 + -17 - (0 - -1)) + (-1 - 8)?
-12
What is the value of 36 - 40 - (0 - 28)?
24
Calculate 1 + -7 + (-77 - -84) + 4.
5
Calculate -5 + 4 - (34 - 38).
3
Calculate -4 + 5 + -6 + -1.
-6
(-2 - -3) + 12 + -8 + (2 - 0)
7
(25 + 12 - 57) + 13
-7
What is 4 + -3 + (1 - (12 - 7))?
-3
(71 - 73) + -2 + 2
-2
Calculate -3 + (-3 - 0) + (8 - -7).
9
Evaluate 36 - (57 + -34 - 7).
20
Evaluate 5 + -8 + 11 + (3 - 5).
6
What is the value of 3 + 37 - (-12 + 2 + (22 - 8))?
36
Calculate -1 + 7 - (12 - 34 - -6 - -34).
-12
What is the value of 3 - (-6 + -5 + 5 + 6 + -2)?
5
-10 + -21 + 12 - 7
-26
-8 + 0 + -45 + 50 - (3 + 1)
-7
(-1 - ((16 - 6 - 2) + -1)) + 17
9
What is the value of -2 - (-4 - 10) - 6?
6
Evaluate -4 + (1 - (4 - -9)) + 6.
-10
2 - -37 - (267 - 248)
20
What is (0 + 7 - (14 + -1)) + 16?
10
Calculate 18 - (20 - 2) - -12.
12
What is 0 - (-28 + 13 + 0) - -4?
19
What is 11 + (-15 - (-32 - -43))?
-15
20 + -2 - (-5 - (-46 - -39))
16
-34 - ((0 + -4 - 4) + 13 + -13)
-26
11 + 6 + -46 + 33
4
What is the value of (8 + -8 - -5) + (-32 - -22)?
-5
-11 + -1 + -1 - (29 - 19 - 8)
-15
Evaluate 18 + -6 + 59 + -56.
15
Evaluate (14 - (14 + 30)) + -2.
-32
What is 11 + 1 - (-17 - -34)?
-5
What is -505 + 477 - (-13 + 1)?
-16
Calculate -7 + -5 + 3 + (471 - 481).
-19
What is -1 + (14 - (25 - 9) - (-13 - -1))?
9
What is 57 + -4 - 44 - (-1 + (21 - -1))?
-12
What is the value of 3 - (46 + -27 + 14)?
-30
What is -12 + 0 + -29 + 37?
-4
8 + -13 + 1 - ((-2 - -3) + -3)
-2
What is the value of 32 + -22 - (29 - -13) - -19?
-13
Calculate (1 - -3) + 49 + -48 - 1.
4
Calculate -3 - (14 + -17 - (-6 + 1)).
-5
What is the value of 12 - 29 - (20 - 30)?
-7
What is the value of 1 - 3 - (8 + 1 - (-8 - -32))?
13
What is the value of 48 - (57 + -3 - 28)?
22
What is the value of -137 - -110 - (-5 - -3)?
-25
Evaluate 4 - (-10 + 2) - (-3 + 11) - 11.
-7
What is the value of 2 + (9 - 28 - -9)?
-8
What is the value of 31 + (1 - 13) - 5?
14
Calculate -14 + 19 + -25 + 2 + (0 - 2).
-20
17 - ((-165 - -219) + 0 + -9)
-28
7 + -10 + 4 - 13
-12
What is -4 + (4 - (12 - -5 - 35))?
18
Evaluate 2 + 1 - (-32 + -13 + 35).
13
What is the value of 72 + -73 - (8 - -3)?
-12
8 + (0 - 1) + (448 - 444)
11
What is the value of 12 + (-10 - (-2 + -4 + 7 + -4))?
5
What is -95 - -90 - ((12 - 1) + -6 + 3)?
-13
1 + -37 + 39 - (2 - -27)
-26
What is 15 + 1 + 5 + -12?
9
2 + -28 - (35 - 46)
-15
What is the value of (-2 + -6 - (93 - 94)) + -8?
-15
What is the value of 8 + -36 - -20 - 5?
-13
Evaluate (3 + -1 - (-5 + 55 - 37)) + 31.
20
What is the value of 6 - (11 + -1 - (4 - 10))?
-10
What is the value of -14 - (-3 - (10 - -4)) - (-2 + 27)?
-22
22 + (4 - 23) - -25
28
What is -21 - 4 - -28 - 41?
-38
Evaluate 28 - (34 + (11 - 41)).
24
What is (-11 - -8 - (-1 - -5)) + 8?
1
What is 7 + -6 - (17 + -32)?
16
What is 25 + -26 - (-3 - 1 - (13 + 0))?
16
Evaluate -1 + -7 + -2 + (8 - 1) - -1.
-2
What is -4 - (2 - (15 - 3))?
6
Calculate (16 + -28 - -14) + -13.
-11
What is 30 + (0 - (-41 + 51 + -1 + 0))?
21
Calculate -9 - (1 - -4 - (-21 - -29)) - -1.
-5
Calculate 24 - (15 + 35) - -13.
-13
What is -28 - (-29 + (12 - -3))?
-14
What is (70 - (-61 + 130)) + (2 - -33) + -2?
34
-2 + -28 + (34 - 21)
-17
3 + 1 - (4 - -4 - (-7 + -1))
-12
What is 13 - -1 - 4 - 23?
-13
What is (-50 - (-35 + 3)) + -12?
-30
What is the value of 8 - (-9 + -7 + 13)?
11
(3 - -2) + (-13 - (-2 + (2 - 0)))
-8
(-13 - 5) + 57 + -21
18
What is the value of 12 - 8 - (13 + -5 - 8) - -12?
16
Evaluate 0 + -1 + (-8 - (-4 - 4)).
-1
What is the value of 12 + (1 - 0) + (-21 - (27 - 46))?
11
What is -6 + 7 + 5 - 11 - 0?
-5
Evaluate 6 + (-28 - (14 - 36)).
0
Evaluate -140 + 140 - (0 + -3 + (4 - 3)).
2
Evaluate 15 + -19 + -20 + 12.
-12
What is the value of 36 + -35 + -23 + 0?
-22
What is 1 - (1 + -2 - 6) - (-712 + 748)?
-28
What is 41 + -39 + (-4 - 1) + 11?
8
Calculate -6 + -2 + (-22 - (22 - 46)) - -37.
31
What is the value of -4 + 4 - (4 - (-3 + 6 - -2))?
1
What is the value of -2 + (-7 - -10) - (-2 - 4)?
7
What is 1 + (-1 - 12 - -9 - 1)?
-4
What is the value of (4 - 4) + -13 + 10 + -1 + -9?
-13
Evaluate 86 + -84 - (-3 - 5).
10
-29 - (35 - (0 + 35))
-29
Evaluate (15 - 1) + 45 + -47 + -32.
-20
Calculate -9 + 6 + 14 + -4.
7
Calculate (-3 - 0) + (6 - 2) + -1 + -1.
-1
What is 1 + -5 + -15 + 24 + 2?
7
What is -24 + (21 - (0 + 4))?
-7
Evaluate -22 + 11 + -11 + 28.
6
What is the value of 5 + -14 + 32 + -52?
-29
What is (-25 - (-41 - -17)) + (0 - -1) + -9?
-9
What is -7 - (-24 + 16 + 5)?
-4
(25 + -7 + -2 - 11) + (0 - 0)
5
What is the value of 4 - (-7 - (-1 + -11 + 1))?
0
Evaluate (0 - (-4 - -19)) + (-11 - -20).
-6
What is the value of 43 + -76 + 39 - (-7 - 1)?
14
What is the value of 1994 + -2026 - ((1 - -1) + 2)?
-36
What is the value of (-16 - (24 - 46)) + (1 + -17 - 2)?
-12
What is the value of -96 - -100 - (3 + 9 + -3 + 1)?
-6
What is (4 - 7 - (-8 + -20)) + -13?
12
What is the value of 0 - ((-1 - -8) + (310 - 319))?
2
-9 + (7 - (11 - 0))
-13
What is the value of 24 + 0 - (-180 - -187)?
17
What is (8 - 1) + (5 - (-12 - -8))?
16
31 + (-47 - -38) + 6
28
6 - ((9 - 20) + 5 + (3 - -1))
8
Calculate 1 + (-13 + 7 - -6).
1
What is the value of 1 - (2 - ((7 - (4 + -11)) + 2))?
15
What is 20 - 33 - (-13 + 0)?
0
-1 + -22 - -19 - -2
-2
What is the value of -25 - (-1 + 3) - -17?
-10
What is the value of 13 + 8 + -6 + 16?
31
6 - (-15 - (-11 + 10))
20
Calculate 25 + -42 - (12 + -9 + 8).
-28
Evaluate -1 + -2 + -3 + 3 + (10 - 16).
-9
Calculate 9 + (-10 - -1) - 20.
-20
Evaluate 5 - 17 - (-10 - -6) - -4.
-4
What is the value of -6 + 24 + -4 - -3 - -7?
24
Evaluate 0 + -9 - (-6 + (-6 - -18)).
-15
3 + -4 + -1 + 11 + -25 + 30
14
What is (-18 - -5) + 0 + -2 + 6 + -1?
-10
Evaluate 12 - -17 - (122 + -69).
-24
Calculate -6 + (0 - -1) + 38 + 483 + -488.
28
Calculate 8 + -1 + -10 + 16.
13
What is the value of (38 + 0 - (23 + -23)) + -7 + -7?
24
-1 - 1 - (26 + -29 + -10)
11
What is the value of 3 + (13 - (32 - 12)) - (-1 + 11)?
-14
Evaluate (8 + -13 - -14) + -9 + 1.
1
-7 + (28 + -3 - -4)
22
What is the value of -8 + -5 + -3 + -1 + -11 + 29?
1
What is the value of (-5 - 6) + -5 + -2 + -1 + 4?
-15
Evaluate 0 - (7 + -9 + 2).
0
Calculate 2 + 0 - (-1 - (-6 + (0 - 7))).
-10
What is -16 - (-2 - (20 + -12))?
-6
Evaluate (-640 - -642) + (1 + 1 - -1).
5
What is -6 - ((10 - 20 - -9) + (-1 - 4))?
0
What is 8 - ((7 - 0) + 20 + -36 + 13)?
4
Evaluate -3 + 1 + (44 - 34).
8
What is the value of (-11 - -1) + 4 + 6 + (17 - 4)?
13
Evaluate -348 - -347 - (11 - -1).
-13
What is the value of (12 - (1 + 7 + -6)) + -20?
-10
12 + -5 + 0 - (-3 + 10)
0
2 + -10 - 2 - -2 - (16 + -42)
18
3 + -19 + 3 + 26 + -30
-17
What is -106 + 112 + 3 + -28?
-19
(1 - 0) + 6 + 4 + -9
2
Calculate -3 - -17 - (-16 - -33) - -9.
6
Calculate 9 + -2 + (-29 - (-6 + -7)).
-9
Calculate 9 + 12 + 3 + 10 - (-7 - -17).
24
Evaluate (0 + 2 - 18) + (28 - (24 + 13)).
-25
What is -11 - (-16 - (-13 - -13))?
5
Evaluate -1 - (-11 + (5 - -15)).
-10
Evaluate 9 + (-14 - (8 + -12)).
-1
What is -25 - (5 - (-21 + 30))?
-21
Evaluate -3 + 3 - -5 - 4 - (-1 - 2).
4
Evaluate -45 - ((9 - 47) + 9).
-16
What is 13 + 7 - (23 - (7 - 13))?
-9
Calculate 15 + (2 - -4) + -3.
18
Evaluate -53 + -4 - (11 - 52).
-16
What is -13 - -8 - (48 - 33)?
-20
What is the value of 1 + -20 - (-3 - -10 - (16 + -10))?
-20
-1 - (-35 - -12) - 25
-3
Calculate 26 + (-6 - (-11 + 6)).
25
What is the value of 2 + 3 + (-4 - (13 - 26))?
14
What is the value of (-12 - (-21 - -15)) + 3?
-3
Evaluate 2 + -2 + 1 + -14 + (-3 - -10).
-6
3 + (0 - (3 - -3)) - (30 - 0)
-33
What is the value of -6 + -15 + 12 - (0 - 8)?
-1
What is the value of (47 - 2) + 658 + -691?
12
-2 - 0 - (-8 - -17)
-11
Calculate 1 - 2 - 0 - (6 - -5).
-12
(1 - (12 - 1)) + -1
-11
Evaluate -15 + (86 - 26) + -15.
30
Evaluate -14 + 25 + -9 + 4 + -29.
-23
Calculate 8 + (-5 + 14 - (8 + 41)) + 2.
-30
Calculate (-43 - -26) + (-3 + -1 - -7).
-14
Calculate -13 + -7 + 29 + (-36 - -32).
5
What is the value o